 of 1325?
1
What is the thousands digit of 11099?
1
What is the hundreds digit of 757?
7
What is the tens digit of 4033?
3
What is the hundreds digit of 11244?
2
What is the tens digit of 43095?
9
What is the units digit of 19140?
0
What is the tens digit of 31647?
4
What is the thousands digit of 2727?
2
What is the thousands digit of 45654?
5
What is the units digit of 26285?
5
What is the tens digit of 2019?
1
What is the units digit of 9121?
1
What is the hundreds digit of 3129?
1
What is the hundreds digit of 15153?
1
What is the tens digit of 1031?
3
What is the hundreds digit of 145737?
7
What is the tens digit of 475?
7
What is the hundreds digit of 2153?
1
What is the units digit of 9?
9
What is the thousands digit of 27620?
7
What is the hundreds digit of 41935?
9
What is the hundreds digit of 19112?
1
What is the hundreds digit of 769?
7
What is the tens digit of 3427?
2
What is the thousands digit of 4634?
4
What is the hundred thousands digit of 139481?
1
What is the hundreds digit of 1214?
2
What is the tens digit of 1873?
7
What is the hundreds digit of 1032?
0
What is the hundreds digit of 8064?
0
What is the hundreds digit of 1794?
7
What is the thousands digit of 1284?
1
What is the hundreds digit of 1782?
7
What is the units digit of 16051?
1
What is the tens digit of 902?
0
What is the thousands digit of 25302?
5
What is the ten thousands digit of 35161?
3
What is the ten thousands digit of 99042?
9
What is the hundreds digit of 763?
7
What is the hundreds digit of 69493?
4
What is the tens digit of 42038?
3
What is the hundreds digit of 12809?
8
What is the thousands digit of 12295?
2
What is the hundreds digit of 3119?
1
What is the thousands digit of 6793?
6
What is the thousands digit of 13393?
3
What is the thousands digit of 5511?
5
What is the thousands digit of 47394?
7
What is the hundreds digit of 584?
5
What is the tens digit of 8075?
7
What is the hundreds digit of 109348?
3
What is the tens digit of 42070?
7
What is the hundreds digit of 4523?
5
What is the hundreds digit of 2145?
1
What is the hundreds digit of 31359?
3
What is the hundreds digit of 99756?
7
What is the hundreds digit of 2617?
6
What is the hundreds digit of 79695?
6
What is the hundreds digit of 11334?
3
What is the thousands digit of 2295?
2
What is the hundreds digit of 2404?
4
What is the units digit of 1152?
2
What is the tens digit of 46?
4
What is the hundreds digit of 356?
3
What is the ten thousands digit of 15175?
1
What is the hundreds digit of 1407?
4
What is the hundreds digit of 2223?
2
What is the tens digit of 264?
6
What is the ten thousands digit of 40178?
4
What is the thousands digit of 65458?
5
What is the tens digit of 21436?
3
What is the hundreds digit of 423?
4
What is the hundreds digit of 10353?
3
What is the tens digit of 5578?
7
What is the thousands digit of 52428?
2
What is the hundreds digit of 5666?
6
What is the tens digit of 8646?
4
What is the units digit of 188?
8
What is the hundreds digit of 26236?
2
What is the units digit of 50673?
3
What is the tens digit of 40002?
0
What is the units digit of 662?
2
What is the units digit of 8?
8
What is the tens digit of 7086?
8
What is the units digit of 93084?
4
What is the thousands digit of 18103?
8
What is the units digit of 5767?
7
What is the hundreds digit of 1204?
2
What is the hundreds digit of 294?
2
What is the thousands digit of 3417?
3
What is the tens digit of 4123?
2
What is the hundreds digit of 33459?
4
What is the thousands digit of 3950?
3
What is the thousands digit of 4850?
4
What is the thousands digit of 7903?
7
What is the tens digit of 3296?
9
What is the units digit of 1548?
8
What is the tens digit of 207?
0
What is the units digit of 245?
5
What is the tens digit of 6467?
6
What is the hundreds digit of 407?
4
What is the units digit of 20390?
0
What is the units digit of 10012?
2
What is the hundreds digit of 922?
9
What is the hundreds digit of 106515?
5
What is the units digit of 7532?
2
What is the thousands digit of 5412?
5
What is the ten thousands digit of 68387?
6
What is the thousands digit of 8476?
8
What is the ten thousands digit of 10263?
1
What is the tens digit of 27631?
3
What is the ten thousands digit of 60650?
6
What is the units digit of 7003?
3
What is the units digit of 2193?
3
What is the tens digit of 30193?
9
What is the ten thousands digit of 24167?
2
What is the tens digit of 1223?
2
What is the thousands digit of 2058?
2
What is the hundreds digit of 10966?
9
What is the hundreds digit of 37715?
7
What is the units digit of 310?
0
What is the ten thousands digit of 10210?
1
What is the units digit of 75576?
6
What is the hundreds digit of 923?
9
What is the thousands digit of 47242?
7
What is the hundreds digit of 41388?
3
What is the tens digit of 602?
0
What is the units digit of 27?
7
What is the units digit of 1088?
8
What is the tens digit of 9745?
4
What is the hundreds digit of 28178?
1
What is the units digit of 310?
0
What is the thousands digit of 2983?
2
What is the hundreds digit of 780?
7
What is the units digit of 1062?
2
What is the ten thousands digit of 85757?
8
What is the tens digit of 4241?
4
What is the tens digit of 74496?
9
What is the tens digit of 35237?
3
What is the hundreds digit of 771?
7
What is the units digit of 2933?
3
What is the hundreds digit of 10111?
1
What is the hundreds digit of 3294?
2
What is the ten thousands digit of 15464?
1
What is the units digit of 5067?
7
What is the units digit of 7094?
4
What is the units digit of 421?
1
What is the hundreds digit of 8051?
0
What is the thousands digit of 5078?
5
What is the thousands digit of 8864?
8
What is the hundreds digit of 1645?
6
What is the thousands digit of 9036?
9
What is the hundreds digit of 2323?
3
What is the thousands digit of 37691?
7
What is the hundreds digit of 14942?
9
What is the hundreds digit of 95533?
5
What is the tens digit of 317?
1
What is the hundreds digit of 1000?
0
What is the thousands digit of 1137?
1
What is the units digit of 2755?
5
What is the units digit of 1776?
6
What is the tens digit of 628?
2
What is the tens digit of 4983?
8
What is the units digit of 451?
1
What is the units digit of 17602?
2
What is the units digit of 2?
2
What is the thousands digit of 2366?
2
What is the hundreds digit of 1398?
3
What is the units digit of 598?
8
What is the hundreds digit of 589?
5
What is the hundreds digit of 99713?
7
What is the tens digit of 42318?
1
What is the hundreds digit of 2266?
2
What is the tens digit of 127156?
5
What is the tens digit of 19216?
1
What is the ten thousands digit of 67686?
6
What is the units digit of 4586?
6
What is the tens digit of 633?
3
What is the ten thousands digit of 71072?
7
What is the hundreds digit of 7729?
7
What is the ten thousands digit of 23909?
2
What is the thousands digit of 17336?
7
What is the units digit of 3403?
3
What is the units digit of 1550?
0
What is the hundreds digit of 3587?
5
What is the units digit of 6517?
7
What is the tens digit of 4549?
4
What is the units digit of 337?
7
What is the units digit of 24571?
1
What is the tens digit of 646?
4
What is the ten thousands digit of 26895?
2
What is the units digit of 1015?
5
What is the units digit of 314?
4
What is the thousands digit of 13163?
3
What is the tens digit of 1248?
4
What is the tens digit of 1625?
2
What is the tens digit of 809?
0
What is the thousands digit of 1817?
1
What is the ten thousands digit of 26719?
2
What is the hundreds digit of 14500?
5
What is the ten thousands digit of 94443?
9
What is the hundreds digit of 41569?
5
What is the units digit of 1870?
0
What is the hundreds digit of 231?
2
What is the tens digit of 33835?
3
What is the tens digit of 394?
9
What is the tens digit of 3046?
4
What is the hundreds digit of 186783?
7
What is the hundreds digit of 21960?
9
What is the thousands digit of 74719?
4
What is the tens digit of 6630?
3
What is the hundreds digit of 22375?
3
What is the ten thousands digit of 78582?
7
What is the tens digit of 3267?
6
What is the tens digit of 588?
8
What is the units digit of 38078?
8
What is the tens digit of 690?
9
What is the hundreds digit of 45536?
5
What is the units digit of 517?
7
What is the hundreds